 -210 (base 4) in base 15?
-26
1 (base 10) to base 15
1
-12 (base 14) to base 9
-17
160 (base 11) to base 10
187
Convert 1100 (base 2) to base 12.
10
Convert 8 (base 15) to base 9.
8
Convert 1 (base 4) to base 2.
1
What is -11 (base 6) in base 9?
-7
What is 111 (base 3) in base 5?
23
What is 5 (base 6) in base 13?
5
What is 1 (base 14) in base 16?
1
What is -20 (base 4) in base 3?
-22
Convert 0 (base 14) to base 9.
0
3 (base 11) to base 12
3
Convert -110001 (base 2) to base 11.
-45
What is 102 (base 6) in base 3?
1102
What is -14 (base 12) in base 14?
-12
-200 (base 4) to base 16
-20
Convert -2 (base 11) to base 3.
-2
Convert -17 (base 11) to base 16.
-12
Convert 1 (base 16) to base 11.
1
Convert -5 (base 12) to base 7.
-5
-5 (base 12) to base 3
-12
10 (base 3) to base 10
3
82 (base 9) to base 10
74
What is -11 (base 9) in base 8?
-12
-3b (base 13) to base 4
-302
What is 10 (base 8) in base 9?
8
-102 (base 8) to base 7
-123
Convert -b (base 13) to base 3.
-102
66 (base 12) to base 2
1001110
0 (base 9) to base 7
0
What is 0 (base 15) in base 4?
0
-2110 (base 4) to base 9
-174
Convert 53 (base 11) to base 9.
64
What is -10100011 (base 2) in base 4?
-2203
Convert 42 (base 6) to base 7.
35
-210 (base 3) to base 4
-111
What is -445 (base 9) in base 5?
-2430
27 (base 14) to base 2
100011
Convert -270 (base 9) to base 8.
-341
What is -10 (base 16) in base 2?
-10000
What is -1 (base 7) in base 9?
-1
What is 0 (base 2) in base 7?
0
What is -4 (base 11) in base 8?
-4
-11 (base 2) to base 11
-3
What is -10 (base 2) in base 5?
-2
3a (base 12) to base 4
232
What is b4 (base 16) in base 14?
cc
Convert -8 (base 16) to base 3.
-22
Convert -4 (base 9) to base 5.
-4
What is -34 (base 12) in base 16?
-28
What is 11 (base 12) in base 11?
12
Convert 33 (base 13) to base 3.
1120
Convert -1220 (base 4) to base 7.
-206
What is 0 (base 7) in base 6?
0
-8 (base 10) to base 9
-8
What is 17 (base 10) in base 16?
11
-3 (base 5) to base 4
-3
What is 3 (base 8) in base 15?
3
-31 (base 4) to base 11
-12
Convert 0 (base 5) to base 2.
0
10 (base 16) to base 5
31
What is -64 (base 8) in base 7?
-103
1 (base 3) to base 15
1
3 (base 12) to base 16
3
Convert 11 (base 2) to base 9.
3
What is 19 (base 10) in base 8?
23
-c (base 16) to base 3
-110
What is -3 (base 14) in base 13?
-3
What is -3 (base 9) in base 14?
-3
c (base 13) to base 4
30
-20 (base 8) to base 2
-10000
-3 (base 13) to base 12
-3
1b (base 16) to base 3
1000
Convert -43 (base 13) to base 8.
-67
Convert 5 (base 9) to base 3.
12
What is 426 (base 7) in base 16?
d8
-2a (base 13) to base 14
-28
-6 (base 12) to base 6
-10
8 (base 16) to base 4
20
-20111 (base 3) to base 7
-340
What is 59 (base 13) in base 11?
68
Convert -1 (base 12) to base 9.
-1
12 (base 5) to base 9
7
Convert 55 (base 9) to base 5.
200
44 (base 10) to base 16
2c
120 (base 3) to base 9
16
Convert 1 (base 4) to base 8.
1
Convert -121 (base 4) to base 13.
-1c
What is 0 (base 16) in base 7?
0
Convert -83 (base 15) to base 7.
-234
-21 (base 7) to base 15
-10
Convert 44 (base 9) to base 7.
55
What is -1 (base 2) in base 14?
-1
What is 0 (base 14) in base 16?
0
Convert -5 (base 11) to base 4.
-11
Convert 5 (base 13) to base 2.
101
23 (base 9) to base 16
15
18b (base 12) to base 11
209
1 (base 4) to base 11
1
Convert 16 (base 16) to base 8.
26
-30 (base 4) to base 11
-11
Convert -3 (base 15) to base 3.
-10
What is -2 (base 16) in base 2?
-10
Convert -1a (base 15) to base 13.
-1c
Convert -1000 (base 3) to base 16.
-1b
Convert 6 (base 15) to base 10.
6
Convert -1 (base 13) to base 7.
-1
-31 (base 8) to base 11
-23
36 (base 8) to base 13
24
What is 10 (base 2) in base 3?
2
-a (base 13) to base 12
-a
What is -2133 (base 5) in base 14?
-16d
What is -31 (base 16) in base 7?
-100
What is -4 (base 6) in base 7?
-4
15 (base 13) to base 14
14
-3 (base 16) to base 9
-3
Convert 73 (base 8) to base 15.
3e
Convert -6 (base 16) to base 8.
-6
What is -4 (base 6) in base 14?
-4
2 (base 7) to base 6
2
-9 (base 15) to base 3
-100
-4e (base 15) to base 8
-112
23 (base 14) to base 8
37
What is 221 (base 6) in base 10?
85
What is -2 (base 8) in base 6?
-2
Convert 13 (base 13) to base 3.
121
What is 61 (base 11) in base 14?
4b
What is 50 (base 10) in base 11?
46
1 (base 11) to base 8
1
-1 (base 10) to base 9
-1
Convert 5 (base 10) to base 9.
5
What is -100110 (base 2) in base 3?
-1102
Convert 68 (base 9) to base 3.
2022
Convert 5 (base 12) to base 10.
5
What is 19 (base 10) in base 16?
13
Convert -1001 (base 2) to base 5.
-14
-441 (base 6) to base 16
-a9
Convert 20 (base 7) to base 12.
12
2 (base 12) to base 10
2
What is 47 (base 13) in base 8?
73
What is 8 (base 15) in base 10?
8
Convert -1 (base 16) to base 2.
-1
Convert -5 (base 13) to base 6.
-5
Convert 3 (base 13) to base 3.
10
What is -200 (base 11) in base 9?
-288
What is 4 (base 15) in base 3?
11
1054 (base 6) to base 8
372
Convert 2 (base 14) to base 15.
2
What is -5 (base 11) in base 13?
-5
Convert -19 (base 11) to base 9.
-22
-13 (base 7) to base 5
-20
What is -7 (base 14) in base 6?
-11
-50 (base 14) to base 16
-46
Convert -1343 (base 5) to base 3.
-22021
Convert -43 (base 8) to base 16.
-23
-15b (base 14) to base 13
-184
What is aa (base 14) in base 16?
96
-58 (base 10) to base 13
-46
Convert 23 (base 12) to base 5.
102
2 (base 10) to base 9
2
Convert 202 (base 4) to base 14.
26
What is 10 (base 8) in base 12?
8
What is -2b (base 14) in base 11?
-36
Convert 10 (base 3) to base 4.
3
6 (base 13) to base 8
6
What is -101 (base 7) in base 4?
-302
-213 (base 7) to base 6
-300
Convert 23 (base 7) to base 6.
25
What is 5 (base 6) in base 12?
5
-6 (base 7) to base 12
-6
2 (base 5) to base 15
2
-31 (base 7) to base 6
-34
333 (base 6) to base 4
2001
101000 (base 2) to base 14
2c
What is 2 (base 9) in base 3?
2
7 (base 16) to base 14
7
Convert 21 (base 13) to base 16.
1b
1 (base 4) to base 14
1
Convert -1011001 (base 2) to base 12.
-75
-58 (base 10) to base 7
-112
What is -7 (base 8) in base 10?
-7
What is 94 (base 11) in base 10?
103
What is -4 (base 11) in base 6?
-4
1 (base 14) to base 16
1
Convert 101001001 (base 2) to base 12.
235
Convert -3 (base 13) to base 16.
-3
What is 0 (base 8) in base 14?
0
What is 1031 (base 4) in base 7?
140
What is 0 (base 5) in base 16?
0
Convert -2 (base 5) to base 16.
-2
Convert b (base 13) to base 11.
10
Convert -1e (base 16) to base 15.
-20
22 (base 9) to base 13
17
2 (base 5) to base 14
2
10 (base 2) to base 16
2
Convert -12 (base 3) to base 16.
-5
Convert -22 (base 10) to base 14.
-18
What is 2 (base 14) in base 6?
2
Convert -22 (base 6) to base 10.
-14
Convert 1 (base 15) to base 10.
1
Convert 414 (base 5) to base 8.
155
What is -e (base 15) in base 14?
-10
What is 3 (base 5) in base 2?
11
Convert -1 (base 6) to base 5.
-1
Convert 7 (base 16) to base 13.
7
Convert -2 (base 12) to base 5.
-2
54 (base 8) to base 12
38
2d (base 16) to base 5
140
What is 10 (base 4) in base 8?
4
31 (base 14) to base 6
111
2 (base 4) to base 8
2
38 (base 13) to base 14
35
What is -367 (base 10) in base 15?
-197
What is -a (base 11) in base 2?
-1010
Convert 153 (base 7) to base 9.
106
What is -2 (base 13) in base 7?
-2
What is 4 (base 12) in base 16?
4
-29 (base 12) to base 4
-201
Convert -142 (base 14) to base 15.
-11e
What is 3 (base 13) in base 12?
3
What is 11 (base 3) in base 9?
4
Convert 89 (base 14) to base 2.
1111001
3 (base 6) to base 10
3
Convert 88 (base 9) to base 13.
62
What is 48 (base 9) in base 8?
54
Convert 332 (base 4) to base 14.
46
Convert -11100 (base 2) to base 16.
-1c
Convert 121 (base 7) to base 10.
64
17 (base 15) to base 13
19
-1001 (base 3) to base 14
-20
Convert -159 (base 10) to base 16.
-9f
20 (base 3) to base 6
10
What is 23 (base 5) in base 3?
111
-1101011 (base 2) to base 13
-83
What is -17 (base 11) in base 8?
-22
2 (base 15) to base 11
2
What is 65 (base 16) in base 9?
122
What is 98 (base 13) in base 4?
1331
Convert 65 (base 12) to base 8.
115
Convert -121 (base 7) to base 12.
-54
Convert 9 (base 16) to base 13.
9
-1 (base 9) to base 3
-1
10011 (base 2) to base 16
13
Convert -b (base 12) to base 4.
-23
-4 (base 13) to base 2
-100
What is -2 (base 8) in base 12?
-2
What is -17d (base 16) in base 6?
-1433
What is -2 (base 8) in base 14?
-2
What is -1200 (base 3) in base 8?
-5